
What is the remainder when 371399 is divided by 1296?
743
Calculate the remainder when 2340941 is divided by 405.
41
What is the remainder when 3218536 is divided by 1072844?
4
What is the remainder when 866182 is divided by 87?
10
What is the remainder when 23351 is divided by 1201?
532
What is the remainder when 661188 is divided by 73434?
282
Calculate the remainder when 505662933 is divided by 623.
622
What is the remainder when 1680100 is divided by 12728?
4
What is the remainder when 2984222 is divided by 1913?
1855
Calculate the remainder when 12221222 is divided by 12221186.
36
What is the remainder when 12582964 is divided by 5514?
16
Calculate the remainder when 661307 is divided by 220356.
239
Calculate the remainder when 5174850 is divided by 1101.
150
Calculate the remainder when 742755 is divided by 5468.
4575
What is the remainder when 145330414 is divided by 238?
236
Calculate the remainder when 3655146 is divided by 1218379.
9
What is the remainder when 167637 is divided by 20?
17
Calculate the remainder when 2442091 is divided by 56.
43
What is the remainder when 136024 is divided by 1308?
1300
Calculate the remainder when 471128 is divided by 58696.
1560
What is the remainder when 37796735 is divided by 266?
263
Calculate the remainder when 7369425 is divided by 1473883.
10
What is the remainder when 242529 is divided by 121180?
169
What is the remainder when 5097690 is divided by 8130?
180
What is the remainder when 401788 is divided by 398100?
3688
Calculate the remainder when 96869 is divided by 2089.
775
Calculate the remainder when 63603814 is divided by 12720757.
29
What is the remainder when 129852447 is divided by 2457?
2454
What is the remainder when 343271 is divided by 2037?
1055
What is the remainder when 11875915 is divided by 3958621?
52
What is the remainder when 4656656 is divided by 2328296?
64
What is the remainder when 90017462 is divided by 3949?
7
Calculate the remainder when 35178516 is divided by 104.
100
Calculate the remainder when 5436821 is divided by 5436795.
26
What is the remainder when 37628 is divided by 35821?
1807
Calculate the remainder when 30634385 is divided by 600674.
11
What is the remainder when 1043511 is divided by 130438?
7
What is the remainder when 1350443 is divided by 3783?
3695
What is the remainder when 152157423 is divided by 5828?
5827
Calculate the remainder when 26997 is divided by 26606.
391
Calculate the remainder when 17172989 is divided by 93.
74
Calculate the remainder when 402257 is divided by 109.
47
What is the remainder when 268684 is divided by 1062?
1060
What is the remainder when 1620977 is divided by 405231?
53
What is the remainder when 115504148 is divided by 7219009?
4
Calculate the remainder when 2191048 is divided by 87641.
23
Calculate the remainder when 180876 is divided by 5167.
31
Calculate the remainder when 72454 is divided by 20711.
10321
Calculate the remainder when 530355 is divided by 91.
7
Calculate the remainder when 102157 is divided by 101803.
354
What is the remainder when 4791525 is divided by 196?
109
What is the remainder when 572689 is divided by 34?
27
What is the remainder when 52530954 is divided by 962?
944
Calculate the remainder when 875916 is divided by 83.
17
What is the remainder when 740372 is divided by 11389?
87
Calculate the remainder when 27473143 is divided by 13.
9
What is the remainder when 194905 is divided by 64892?
229
Calculate the remainder when 23419833 is divided by 936793.
8
Calculate the remainder when 171181 is divided by 41910.
3541
Calculate the remainder when 350362 is divided by 7441.
635
Calculate the remainder when 135665198 is divided by 968.
966
What is the remainder when 58154552 is divided by 5286776?
16
Calculate the remainder when 36895 is divided by 9188.
143
Calculate the remainder when 45275812 is divided by 1885.
1882
Calculate the remainder when 1720830 is divided by 1994.
8
What is the remainder when 5552384 is divided by 1110406?
354
What is the remainder when 33356 is divided by 10581?
1613
Calculate the remainder when 2554423 is divided by 62303.
0
What is the remainder when 637553 is divided by 39823?
385
Calculate the remainder when 6274271 is divided by 629.
625
What is the remainder when 656190339 is divided by 214?
213
What is the remainder when 9246718 is divided by 215?
213
What is the remainder when 941287 is divided by 173?
167
What is the remainder when 6254662 is divided by 4249?
134
Calculate the remainder when 496090 is divided by 52.
10
Calculate the remainder when 1867031 is divided by 173.
15
What is the remainder when 569776 is divided by 284852?
72
What is the remainder when 1473151 is divided by 1473139?
12
Calculate the remainder when 20511 is divided by 3271.
885
What is the remainder when 225953 is divided by 229?
159
Calculate the remainder when 2005878 is divided by 2066.
1858
Calculate the remainder when 70787 is divided by 23580.
47
What is the remainder when 102370060 is divided by 799766?
12
What is the remainder when 36399594 is divided by 562?
540
What is the remainder when 1380024 is divided by 26?
22
What is the remainder when 23191852 is divided by 403?
8
What is the remainder when 762609 is divided by 330?
309
Calculate the remainder when 111718 is divided by 807.
352
What is the remainder when 607532 is divided by 2346?
2264
Calculate the remainder when 74863 is divided by 972.
19
Calculate the remainder when 113384 is divided by 199.
153
What is the remainder when 680547 is divided by 195?
192
Calculate the remainder when 6697144 is divided by 5.
4
What is the remainder when 514751 is divided by 46794?
17
Calculate the remainder when 6077650 is divided by 743.
653
What is the remainder when 143751 is divided by 35343?
2379
Calculate the remainder when 78137 is divided by 39.
20
What is the remainder when 1754428868 is divided by 206?
204
What is the remainder when 4927034 is divided by 389?
349
What is the remainder when 8531109 is divided by 2201?
33
What is the remainder when 1647538 is divided by 2459?
8
Calculate the remainder when 4950220 is divided by 2475097.
26
What is the remainder when 1448252467 is divided by 26?
25
What is the remainder when 4153049 is divided by 66?
65
Calculate the remainder when 18570 is divided by 3076.
114
Calculate the remainder when 92290 is divided by 1113.
1024
Calculate the remainder when 26812700 is divided by 48.
44
Calculate the remainder when 451191578 is divided by 501.
497
Calculate the remainder when 24566383 is divided by 3070796.
15
Calculate the remainder when 1041544 is divided by 64.
8
Calculate the remainder when 3527 is divided by 1144.
95
Calculate the remainder when 342504 is divided by 3146.
2736
What is the remainder when 7757 is divided by 88?
13
What is the remainder when 51207 is divided by 50965?
242
Calculate the remainder when 2537708 is divided by 805.
348
What is the remainder when 34629080 is divided by 2672?
2632
Calculate the remainder when 2062536 is divided by 481.
8
Calculate the remainder when 792021 is divided by 11.
10
Calculate the remainder when 39748520 is divided by 179.
138
What is the remainder when 1667093 is divided by 134?
133
Calculate the remainder when 3292681 is divided by 303.
283
What is the remainder when 82420394 is divided by 41210196?
2
Calculate the remainder when 1687320 is divided by 168707.
250
What is the remainder when 2911979 is divided by 80888?
11
What is the remainder when 11205358 is divided by 8761?
39
Calculate the remainder when 53694681 is divided by 573.
570
Calculate the remainder when 26958460 is divided by 13513.
25
What is the remainder when 6623683 is divided by 2?
1
Calculate the remainder when 2078017029 is divided by 8827.
8824
Calculate the remainder when 1366063 is divided by 112.
111
Calculate the remainder when 28386 is divided by 8923.
1617
What is the remainder when 87972 is divided by 7989?
93
What is the remainder when 23405520 is divided by 3399?
6
What is the remainder when 31616298 is divided by 3650?
3648
Calculate the remainder when 682629 is divided by 1101.
9
Calculate the remainder when 209916 is divided by 69948.
72
Calculate the remainder when 1372365 is divided by 274438.
175
What is the remainder when 6350767 is 